mainder when 4459495 is divided by 778.
777
What is the remainder when 32220 is divided by 8946?
5382
Calculate the remainder when 35759884 is divided by 716.
696
What is the remainder when 695927 is divided by 108?
83
What is the remainder when 2660729 is divided by 68?
25
What is the remainder when 1139229 is divided by 37?
36
Calculate the remainder when 581299 is divided by 2561.
2513
What is the remainder when 487806384 is divided by 465?
459
Calculate the remainder when 4120213 is divided by 204.
25
What is the remainder when 592949 is divided by 970?
279
What is the remainder when 218381093 is divided by 1775456?
5
What is the remainder when 2270463 is divided by 2150?
63
Calculate the remainder when 215876 is divided by 277.
93
Calculate the remainder when 75515 is divided by 14971.
660
Calculate the remainder when 340344127 is divided by 471.
469
Calculate the remainder when 131814 is divided by 9414.
18
What is the remainder when 573520 is divided by 2797?
135
What is the remainder when 3203048 is divided by 1201?
1182
Calculate the remainder when 2326127 is divided by 187.
34
Calculate the remainder when 342756 is divided by 68534.
86
What is the remainder when 106647 is divided by 15148?
611
What is the remainder when 362500 is divided by 27870?
190
Calculate the remainder when 21533 is divided by 1397.
578
What is the remainder when 19139575 is divided by 87?
10
Calculate the remainder when 10895076 is divided by 117151.
33
Calculate the remainder when 203399 is divided by 537.
413
What is the remainder when 2432107 is divided by 130?
67
What is the remainder when 58142778 is divided by 2330?
2288
Calculate the remainder when 14203007 is divided by 167.
158
What is the remainder when 244486 is divided by 244333?
153
Calculate the remainder when 4748740 is divided by 364.
360
Calculate the remainder when 2229930 is divided by 122.
14
What is the remainder when 282393 is divided by 2615?
2588
What is the remainder when 102176028 is divided by 232?
212
Calculate the remainder when 459195 is divided by 1400.
1395
What is the remainder when 1352286 is divided by 10818?
36
What is the remainder when 873263 is divided by 32343?
2
What is the remainder when 1283121 is divided by 456?
393
Calculate the remainder when 3049772 is divided by 10815.
10757
What is the remainder when 30702021 is divided by 1011?
984
Calculate the remainder when 1484156 is divided by 3373.
36
What is the remainder when 32344237 is divided by 849?
733
Calculate the remainder when 2869602 is divided by 10625.
852
Calculate the remainder when 25271073 is divided by 6317763.
21
Calculate the remainder when 130077 is divided by 1612.
1117
Calculate the remainder when 272136 is divided by 10059.
543
What is the remainder when 102404 is divided by 1533?
1226
What is the remainder when 203970 is divided by 200?
170
Calculate the remainder when 239119948 is divided by 2569.
2566
What is the remainder when 374037 is divided by 4259?
3504
What is the remainder when 44745862 is divided by 1193?
11
What is the remainder when 4259750 is divided by 10415?
15
Calculate the remainder when 727736 is divided by 2206.
1962
What is the remainder when 18355 is divided by 216?
211
Calculate the remainder when 13670855 is divided by 216.
215
What is the remainder when 13220319 is divided by 1888611?
42
Calculate the remainder when 86881 is divided by 28032.
2785
What is the remainder when 159802 is divided by 2186?
224
What is the remainder when 11620062 is divided by 87?
81
Calculate the remainder when 387304 is divided by 390.
34
Calculate the remainder when 77077834 is divided by 351.
340
Calculate the remainder when 69744905 is divided by 198.
197
What is the remainder when 27235411 is divided by 1048?
1035
What is the remainder when 426228 is divided by 11192?
932
What is the remainder when 1461360 is divided by 486914?
618
What is the remainder when 241342 is divided by 24?
22
Calculate the remainder when 19881969 is divided by 61.
56
Calculate the remainder when 103750849 is divided by 417.
415
What is the remainder when 1023521 is divided by 4319?
4237
What is the remainder when 31333 is divided by 15192?
949
Calculate the remainder when 47708754 is divided by 603.
600
What is the remainder when 9760823 is divided by 23?
14
Calculate the remainder when 5331190 is divided by 506.
480
Calculate the remainder when 9839736 is divided by 9839727.
9
What is the remainder when 558128 is divided by 2504?
2240
What is the remainder when 201336246 is divided by 5921654?
10
What is the remainder when 131562731 is divided by 50640?
11
Calculate the remainder when 3646942 is divided by 520944.
334
What is the remainder when 1841978 is divided by 717?
5
What is the remainder when 214753 is divided by 2082?
307
What is the remainder when 184095 is divided by 92026?
43
What is the remainder when 74247411 is divided by 47?
7
Calculate the remainder when 168999 is divided by 168808.
191
What is the remainder when 1425430 is divided by 731?
711
Calculate the remainder when 198679664 is divided by 9.
2
What is the remainder when 12136605 is divided by 9?
6
What is the remainder when 34634772 is divided by 111?
108
What is the remainder when 348511 is divided by 1624?
975
What is the remainder when 14700256 is divided by 506905?
11
What is the remainder when 3666284 is divided by 229?
223
Calculate the remainder when 3067523 is divided by 1679.
1669
Calculate the remainder when 551840 is divided by 551808.
32
What is the remainder when 10986 is divided by 10919?
67
Calculate the remainder when 77352003 is divided by 413.
407
Calculate the remainder when 2504753 is divided by 10.
3
Calculate the remainder when 44777 is divided by 44522.
255
Calculate the remainder when 86157142 is divided by 8615714.
2
Calculate the remainder when 1984635 is divided by 1369.
954
What is the remainder when 11602024 is divided by 712?
696
Calculate the remainder when 94220281 is divided by 26.
25
What is the remainder when 40758 is divided by 13507?
237
What is the remainder when 400846073 is divided by 535?
533
What is the remainder when 6248167 is divided by 391?
378
What is the remainder when 5968885 is divided by 428?
425
What is the remainder when 1814108 is divided by 28344?
92
What is the remainder when 50990 is divided by 1219?
1011
What is the remainder when 12049534 is divided by 1257?
1189
Calculate the remainder when 17421233 is divided by 20.
13
Calculate the remainder when 3819771 is divided by 545681.
4
What is the remainder when 89452614 is divided by 103?
101
What is the remainder when 98433008 is divided by 2572?
2568
What is the remainder when 3831272 is divided by 74?
70
What is the remainder when 940991 is divided by 187109?
5446
Calculate the remainder when 23968400 is divided by 2396840.
0
What is the remainder when 43229 is divided by 5930?
1719
Calculate the remainder when 684875 is divided by 13975.
100
What is the remainder when 480686 is divided by 68655?
101
What is the remainder when 19857 is divided by 275?
57
Calculate the remainder when 1899990 is divided by 8407.
8
Calculate the remainder when 121445 is divided by 577.
275
Calculate the remainder when 13946006 is divided by 6973000.
6
Calculate the remainder when 1017473 is divided by 4381.
1081
Calculate the remainder when 498432 is divided by 141.
138
Calculate the remainder when 558762 is divided by 7456.
7018
What is the remainder when 856640 is divided by 23?
5
What is the remainder when 403071531 is divided by 241?
236
Calculate the remainder when 96979 is divided by 6070.
5929
What is the remainder when 7897694 is divided by 877503?
167
Calculate the remainder when 33543794 is divided by 694.
692
What is the remainder when 3354079 is divided by 514?
229
What is the remainder when 59315177 is divided by 11?
9
Calculate the remainder when 1756980 is divided by 878466.
48
Calculate the remainder when 437120 is divided by 13634.
832
What is the remainder when 82641 is divided by 15841?
3436
What is the remainder when 2897463 is divided by 746?
745
What is the remainder when 179403465 is divided by 13800266?
7
Calculate the remainder when 3298563 is divided by 363.
345
Calculate the remainder when 608154475 is divided by 2378.
2